, 238529
List the prime factors of 132137090.
2, 5, 17, 777277
List the prime factors of 136470533.
911, 149803
What are the prime factors of 106696362?
2, 3, 19, 73, 12821
What are the prime factors of 99181073?
29, 53, 173, 373
List the prime factors of 192454475.
5, 7698179
List the prime factors of 3837942596.
2, 41, 149, 157061
What are the prime factors of 64568568?
2, 3, 2690357
What are the prime factors of 6081033798?
2, 3, 7, 16087391
List the prime factors of 2484865332.
2, 3, 69024037
List the prime factors of 97740078.
2, 3, 16290013
What are the prime factors of 1559491359?
3, 13457, 38629
What are the prime factors of 37628649?
3, 4180961
List the prime factors of 25661310.
2, 3, 5, 855377
List the prime factors of 90530739.
3, 13, 773767
List the prime factors of 474207670.
2, 5, 47420767
What are the prime factors of 523563402?
2, 3, 31, 2814857
List the prime factors of 99916708.
2, 24979177
What are the prime factors of 421924614?
2, 3, 89, 790121
What are the prime factors of 522164326?
2, 261082163
What are the prime factors of 1821582522?
2, 3, 41, 2468269
List the prime factors of 516233368.
2, 7, 9218453
What are the prime factors of 41261937?
3, 79, 174101
What are the prime factors of 168942988?
2, 2903, 14549
What are the prime factors of 14867809?
11, 17, 43
What are the prime factors of 208311592?
2, 19, 1370471
List the prime factors of 515484778.
2, 17, 197, 76961
List the prime factors of 740934649.
7, 13, 47, 191, 907
What are the prime factors of 22438891?
197, 113903
List the prime factors of 864833923.
67, 12907969
List the prime factors of 4665859618.
2, 7, 37, 1319, 6829
What are the prime factors of 4137678351?
3, 459742039
What are the prime factors of 93524860?
2, 5, 11, 13, 53, 617
List the prime factors of 1389878842.
2, 11, 19, 302279
What are the prime factors of 34017761?
107, 317923
What are the prime factors of 64264337?
241, 467, 571
What are the prime factors of 2618719772?
2, 654679943
List the prime factors of 1969094.
2, 157, 6271
List the prime factors of 4183795.
5, 7, 11, 10867
List the prime factors of 413982912.
2, 3, 7, 17, 18119
List the prime factors of 423055697.
443, 954979
What are the prime factors of 222871964?
2, 7, 7959713
List the prime factors of 365588574.
2, 3, 13, 360541
List the prime factors of 86188212.
2, 3, 11, 2687
What are the prime factors of 824872133?
824872133
List the prime factors of 85902608.
2, 11, 23, 21221
What are the prime factors of 127807167?
3, 19, 2242231
What are the prime factors of 11218579?
1223, 9173
What are the prime factors of 3191640444?
2, 3, 19, 4666141
What are the prime factors of 1876468133?
23, 2843, 28697
What are the prime factors of 281492891?
73, 3856067
What are the prime factors of 1167767505?
3, 5, 29, 107, 8363
What are the prime factors of 351497612?
2, 137, 641419
What are the prime factors of 38958397?
29, 1031, 1303
List the prime factors of 480916460.
2, 5, 2887, 8329
List the prime factors of 5096427571.
5096427571
What are the prime factors of 1039176104?
2, 89, 1459517
What are the prime factors of 960430536?
2, 3, 13, 1026101
List the prime factors of 7772728.
2, 971591
List the prime factors of 4525733389.
9239, 489851
List the prime factors of 7002518.
2, 3501259
List the prime factors of 1484736303.
3, 181, 2734321
What are the prime factors of 5211755330?
2, 5, 521175533
What are the prime factors of 52400107?
1321, 39667
What are the prime factors of 200329130?
2, 5, 31, 131, 4933
What are the prime factors of 148101482?
2, 107, 692063
List the prime factors of 26167365.
3, 5, 7, 83071
List the prime factors of 379562631.
3, 7, 18074411
List the prime factors of 51353293.
51353293
List the prime factors of 59770714.
2, 29885357
What are the prime factors of 948840191?
13, 181, 31019
List the prime factors of 105645253.
7, 1709, 8831
What are the prime factors of 34026628?
2, 29, 197, 1489
List the prime factors of 2435685763.
7, 23, 3301, 4583
What are the prime factors of 360068367?
3, 347, 345887
List the prime factors of 132731391.
3, 13, 41, 83009
List the prime factors of 36653656.
2, 13, 31, 11369
What are the prime factors of 125554769?
23, 1123, 4861
List the prime factors of 365752873.
137, 2669729
What are the prime factors of 23913516?
2, 3, 11, 29, 6247
List the prime factors of 395064021.
3, 11, 11971637
List the prime factors of 13373131.
19, 703849
List the prime factors of 29795023.
61, 73, 6691
List the prime factors of 3677700235.
5, 11, 66867277
What are the prime factors of 420987277?
73, 521, 11069
What are the prime factors of 1480400464?
2, 92525029
List the prime factors of 2796214143.
3, 9007, 103483
What are the prime factors of 521340067?
743, 701669
List the prime factors of 45751648.
2, 383, 3733
List the prime factors of 654530948.
2, 1483, 110339
What are the prime factors of 7234829?
7, 71, 14557
What are the prime factors of 72309538?
2, 7, 1559, 3313
List the prime factors of 421747102.
2, 7, 137, 219889
List the prime factors of 38281193.
4547, 8419
List the prime factors of 809314.
2, 11, 36787
List the prime factors of 2444934328.
2, 305616791
List the prime factors of 825971142.
2, 3, 677, 203341
What are the prime factors of 151845066?
2, 3, 109, 193, 401
List the prime factors of 72859495.
5, 14571899
What are the prime factors of 21156029?
21156029
What are the prime factors of 3622314042?
2, 3, 277, 726497
List the prime factors of 63487499.
1301, 48799
What are the prime factors of 142049772?
2, 3, 29, 103, 1321
List the prime factors of 175646858.
2, 87823429
What are the prime factors of 1719495725?
5, 19, 3619991
What are the prime factors of 185293777?
53, 3496109
What are the prime factors of 24228710?
2, 5, 11, 37, 5953
List the prime factors of 646693840.
2, 5, 13, 621821
List the prime factors of 48763834.
2, 7, 643, 5417
What are the prime factors of 1203594046?
2, 137, 4392679
What are the prime factors of 148907362?
2, 443, 168067
List the prime factors of 1241690573.
347, 3578359
List the prime factors of 30936036.
2, 3, 2578003
List the prime factors of 162449713.
23, 101, 69931
What are the prime factors of 260223210?
2, 3, 5, 13, 197, 1129
What are the prime factors of 13771957?
59, 233423
What are the prime factors of 261893720?
2, 5, 11, 19, 31327
What are the prime factors of 112277204?
2, 13, 2159177
What are the prime factors of 25465729?
79, 322351
What are the prime factors of 732034649?
4463, 164023
List the prime factors of 1602493755.
3, 5, 6983, 15299
List the prime factors of 66755680.
2, 5, 29, 14387
List the prime factors of 143250986.
2, 71625493
What are the prime factors of 1291067444?
2, 322766861
What are the prime factors of 27972990?
2, 3, 5, 17, 47, 389
What are the prime factors of 1557318545?
5, 683, 456023
What are the prime factors of 166696305?
3, 5, 17, 653711
List the prime factors of 259645422.
2, 3, 43274237
List the prime factors of 2043581804.
2, 11, 46445041
What are the prime factors of 49429389?
3, 16476463
List the prime factors of 160884108.
2, 3, 7, 11, 127, 457
List the prime factors of 6983469.
3, 19, 13613
What are the prime factors of 74333228?
2, 2281, 8147
List the prime factors of 18100286.
2, 61, 89, 1667
What are the prime factors of 3526773549?
3, 13, 29, 1061, 2939
List the prime factors of 7639192020.
2, 3, 5, 571, 222977
What are the prime factors of 565743559?
47, 12037097
What are the prime factors of 714098193?
3, 7351, 32381
What are the prime factors of 619513051?
29, 157, 136067
List the prime factors of 115290315.
3, 5, 7, 366001
List the prime factors of 45926490.
2, 3, 5, 67, 73, 313
List the prime factors of 910030798.
2, 455015399
List the prime factors of 5058055619.
29, 563, 309797
List the prime factors of 22425714.
2, 3, 601, 691
What are the prime factors of 163995781?
163995781
List the prime factors of 60734577.
3, 20244859
List the prime factors of 23727317.
409, 58013
What are the prime factors of 99011397?
3, 33003799
List the prime factors of 73637420.
2, 5, 3681871
What are the prime factors of 3330987690?
2, 3, 5, 43, 2582161
List the prime factors of 400166568.
2, 3, 205847
What are the prime factors of 14092694?
2, 7, 11, 17, 769
What are the prime factors of 37502306?
2, 17